{"id":15,"date":"2016-07-12T10:12:08","date_gmt":"2016-07-12T10:12:08","guid":{"rendered":"http:\/\/finance.omnicom-dev.com\/main-demo\/?page_id=15"},"modified":"2021-09-02T10:52:20","modified_gmt":"2021-09-02T13:52:20","slug":"stoll-alimentos","status":"publish","type":"page","link":"https:\/\/stollalimentos.com.br\/site\/stoll-alimentos\/","title":{"rendered":"Stoll Alimentos"},"content":{"rendered":"<div class=\"bt_bb_wrapper\"><section id=\"bt_section6a09b7dec6da6\"  class=\"boldSection topSpaced bottomSemiSpaced gutter boxed inherit\" ><div class=\"port\"><div class=\"boldCell\"><div class=\"boldCellInner\"><div class=\"boldRow \" ><div class=\"boldRowInner\"><div class=\"rowItem col-md-6 col-sm-12 btTextLeft animate animate-fadein inherit\"  data-width=\"6\"><div class=\"rowItemContent\" ><header class=\"header btClear large btDash bottomDash  bold btAccentBackgroundSuperheadline\" ><div class=\"btSuperTitle\"><span>CONHE\u00c7A A STOLL ALIMENTOS<\/span><\/div><div class=\"dash\"><h2><span class=\"headline\">Praticidade com Qualidade<\/span><\/h2><\/div><div class=\"btSubTitle\">A Stoll Alimentos surgiu com o objetivo de levar para a mesa das pessoas uma alimenta\u00e7\u00e3o pr\u00e1tica e saud\u00e1vel. Com uma linha de produtos em constante expans\u00e3o, somados a ingredientes frescos e selecionados, oferecemos um alto padr\u00e3o de qualidade. Criamos v\u00ednculo duradouro com os clientes, oportunizando uma alimenta\u00e7\u00e3o pr\u00e1tica e de qualidade para seu dia a dia.<\/div><\/header><div class=\"btClear btSeparator topSmallSpaced noBorder\" ><hr><\/div><div class=\"btClear btSeparator topSmallSpaced bottomSmallSpaced noBorder\" ><hr><\/div><\/div><\/div><div class=\"rowItem col-md-6 col-sm-12 btTextLeft animate animate-fadein inherit\"  data-width=\"6\"><div class=\"rowItemContent\" ><div class=\"bpgPhoto btDefaultHoverType\" ><div class=\"btImage\"><img src=\"https:\/\/stollalimentos.com.br\/site\/wp-content\/uploads\/2019\/10\/stoll-alimentos-fabrica.jpg\" alt=\"\" title=\"\"><\/div><\/div><div class=\"btClear btSeparator bottomSmallSpaced noBorder\" ><hr><\/div><\/div><\/div><\/div><\/div><\/div><\/div><\/div><\/section><section id=\"bt_section6a09b7dec75ca\"  class=\"boldSection topSemiSpaced gutter boxed inherit\" style=\"background-color:#f2f1ed  !important;\"><div class=\"port\"><div class=\"boldCell\"><div class=\"boldCellInner\"><div class=\"boldRow \" ><div class=\"boldRowInner\"><div class=\"rowItem col-md-4 col-ms-12 btTextLeft animate animate-fadein inherit\"  data-width=\"4\"><div class=\"rowItemContent\" ><div class=\"servicesItem  btIcoAccentColorIcon btIcoBigSizeIcon \"><div class=\"sIcon\"><span class=\"btIco btIcoBigSize btIcoDefaultType btIcoAccentColor btIconCircleShape\"><span  data-ico-gc=\"&#xe9df;\" class=\"btIcoHolder\"><\/span><\/span><\/div><div class=\"sTxt\"><header class=\"header btClear small\" ><div class=\"dash\"><h4><span class=\"headline\">Ingredientes Selecionados<\/span><\/h4><\/div><div class=\"btSubTitle\">\u00c9 aqui que tudo come\u00e7a. Nosso cuidado vai do in\u00edcio ao fim do processo.<\/div><\/header><\/div><\/div><div class=\"btClear btSeparator bottomSemiSpaced noBorder\" ><hr><\/div><\/div><\/div><div class=\"rowItem col-md-4 col-ms-12 btTextLeft animate animate-fadein inherit\"  data-width=\"4\"><div class=\"rowItemContent\" ><div class=\"servicesItem  btIcoAccentColorIcon btIcoBigSizeIcon \"><div class=\"sIcon\"><span class=\"btIco btIcoBigSize btIcoDefaultType btIcoAccentColor btIconCircleShape\"><span  data-ico-gc=\"&#xe920;\" class=\"btIcoHolder\"><\/span><\/span><\/div><div class=\"sTxt\"><header class=\"header btClear small\" ><div class=\"dash\"><h4><span class=\"headline\">Espere o melhor<\/span><\/h4><\/div><div class=\"btSubTitle\">E nada menos do que isso. Acreditamos que n\u00e3o \u00e9 s\u00f3 fazer, tem que ser bem feito.<\/div><\/header><\/div><\/div><div class=\"btClear btSeparator bottomSemiSpaced noBorder\" ><hr><\/div><\/div><\/div><div class=\"rowItem col-md-4 col-ms-12 btTextLeft animate animate-fadein inherit\"  data-width=\"4\"><div class=\"rowItemContent\" ><div class=\"servicesItem  btIcoAccentColorIcon btIcoBigSizeIcon \"><div class=\"sIcon\"><span class=\"btIco btIcoBigSize btIcoDefaultType btIcoAccentColor btIconCircleShape\"><span  data-ico-ce=\"&#xe90f;\" class=\"btIcoHolder\"><\/span><\/span><\/div><div class=\"sTxt\"><header class=\"header btClear small\" ><div class=\"dash\"><h4><span class=\"headline\">Vendemos sabores<\/span><\/h4><\/div><div class=\"btSubTitle\">Vamos muito al\u00e9m da praticidade. Para n\u00f3s, sabor tamb\u00e9m \u00e9 fundamental.<\/div><\/header><\/div><\/div><div class=\"btClear btSeparator bottomSemiSpaced noBorder\" ><hr><\/div><\/div><\/div><\/div><\/div><\/div><\/div><\/div><\/section><section id=\"bt_section6a09b7dec7c68\"  class=\"boldSection topSmallSpaced btDarkSkin btAccentColorBackground gutter boxed inherit\" ><div class=\"port\"><div class=\"boldCell\"><div class=\"boldCellInner\"><div class=\"boldRow \" ><div class=\"boldRowInner\"><div class=\"rowItem col-md-9 col-ms-12  btTextLeft animate animate-fadein inherit btDoublePadding\"  data-width=\"9\"><div class=\"rowItemContent\" ><div class=\"btClear btSeparator topSemiSpaced noBorder\" ><hr><\/div><header class=\"header btClear normal  bold btAccentBackgroundSuperheadline\" ><div class=\"dash\"><h4><span class=\"headline\">Seja um parceiro Stoll Alimentos!<\/span><\/h4><\/div><\/header><div class=\"btClear btSeparator topSmallSpaced noBorder\" ><hr><\/div><div class=\"btClear btSeparator topSemiSpaced noBorder\" ><hr><\/div><\/div><\/div><div class=\"rowItem col-md-3 col-sm-6 col-ms-12 btTextRight animate animate-fadein btBottomVertical\"  data-width=\"3\"><div class=\"rowItemContent\" ><a href=\"http:\/\/stollalimentos.com.br\/site\/contato\/\" class=\"btBtn btBtn btnOutlineStyle btnNormalColor btnSmall btnNormalWidth btnRightPosition btnNoIcon\" ><span class=\"btnInnerText\">ENTRE EM CONTATO<\/span><\/a><div class=\"btClear btSeparator topSmallSpaced noBorder\" ><hr><\/div><div class=\"btClear btSeparator topSemiSpaced noBorder\" ><hr><\/div><\/div><\/div><\/div><\/div><\/div><\/div><\/div><\/section><section id=\"bt_section6a09b7dec7f5f\"  class=\"boldSection btLightSkin inherit\" ><div class=\"port\"><div class=\"boldCell\"><div class=\"boldCellInner\"><div class=\"boldRow \" ><div class=\"boldRowInner\"><div class=\"rowItem col-md-12 col-ms-12  btTextCenter inherit\"  data-width=\"12\"><div class=\"rowItemContent\" ><div class=\"btClear btSeparator topSpaced noBorder\" ><hr><\/div><header class=\"header btClear normal btDash bottomDash  bold btAccentBackgroundSuperheadline\" ><div class=\"btSuperTitle\"><span>DEPOIMENTOS<\/span><\/div><div class=\"dash\"><h4><span class=\"headline\">O que nossos clientes falam sobre n\u00f3s<\/span><\/h4><\/div><\/header><\/div><\/div><\/div><\/div><\/div><\/div><\/div><\/section><section id=\"bt_section6a09b7dec8132\"  class=\"boldSection btLightSkin inherit\" ><div class=\"port\"><div class=\"boldCell\"><div class=\"boldCellInner\"><div class=\"boldRow \" ><div class=\"boldRowInner\"><div class=\"rowItem col-md-12 col-ms-12  btTextCenter inherit\"  data-width=\"12\"><div class=\"rowItemContent\" ><div class=\"slided fixedSliderHeight btSimpleArrows\"  data-slick='{\"infinite\":true,\"autoplay\":true,\"autoplaySpeed\":3000,\"pauseOnHover\":false,\"pauseOnDotsHover\":true}' data-simple_arrows=\"yes\"><div class=\"slidedItem firstItem\"  data-thumb=\"\"><div class=\"btSliderPort wBackground cover\" style=\"background-image: url('')\"><div class=\"btSliderCell\" data-slick=\"yes\"><div class=\"btSlideGutter\"><div class=\"btSlidePane\"><div class=\"btClear btSeparator topSemiSpaced noBorder\" ><hr><\/div><header class=\"header btClear normal  regular\" ><div class=\"dash\"><h4><span class=\"headline\">&#8220;Acabei de comer a Lasanha 4 Queijos e quero parabenizar voc\u00eas! Ela \u00e9 deliciosa. Sou bem seletiva com comidas prontas, mas resolvi testar a linha de voc\u00eas, pois vi que n\u00e3o tem conservantes ou qualquer outro \u201cingrediente\u201d de nome impronunci\u00e1vel. Gostinho de lasanha caseira. Parab\u00e9ns! &#8220;<\/span><\/h4><\/div><\/header><div class=\"btClear btSeparator topSmallSpaced noBorder\" ><hr><\/div><header class=\"header btClear small  regular btAccentBackgroundSuperheadline\" ><div class=\"dash\"><h4><span class=\"headline\">Grazi<\/span><\/h4><\/div><\/header><div class=\"btClear btSeparator topSpaced bottomSemiSpaced noBorder\" ><hr><\/div><\/div><\/div><\/div><\/div><\/div><div class=\"slidedItem firstItem\"  data-thumb=\"\"><div class=\"btSliderPort wBackground cover\" style=\"background-image: url('')\"><div class=\"btSliderCell\" data-slick=\"yes\"><div class=\"btSlideGutter\"><div class=\"btSlidePane\"><div class=\"btClear btSeparator topSemiSpaced noBorder\" ><hr><\/div><header class=\"header btClear normal  regular\" ><div class=\"dash\"><h4><span class=\"headline\">&#8220;Aquela praticidade e sabor de comida de m\u00e3e qua a gente n\u00e3o dispensa.&#8220;<\/span><\/h4><\/div><\/header><div class=\"btClear btSeparator topSmallSpaced noBorder\" ><hr><\/div><header class=\"header btClear small  regular btAccentBackgroundSuperheadline\" ><div class=\"dash\"><h4><span class=\"headline\">Suzana<\/span><\/h4><\/div><\/header><div class=\"btClear btSeparator topSpaced bottomSemiSpaced noBorder\" ><hr><\/div><\/div><\/div><\/div><\/div><\/div><div class=\"slidedItem firstItem\"  data-thumb=\"\"><div class=\"btSliderPort wBackground cover\" style=\"background-image: url('')\"><div class=\"btSliderCell\" data-slick=\"yes\"><div class=\"btSlideGutter\"><div class=\"btSlidePane\"><div class=\"btClear btSeparator topSemiSpaced noBorder\" ><hr><\/div><header class=\"header btClear normal  regular\" ><div class=\"dash\"><h4><span class=\"headline\">&#8220;Parab\u00e9ns pelos produtos! Sou apaixonada pela linha de voc\u00eas! fiquei feliz em saber que tem delivery! Amanh\u00e3 mesmo vou encomendar! J\u00e1 tem uma consumidora fiel!&#8220;<\/span><\/h4><\/div><\/header><div class=\"btClear btSeparator topSmallSpaced noBorder\" ><hr><\/div><header class=\"header btClear small  regular btAccentBackgroundSuperheadline\" ><div class=\"dash\"><h4><span class=\"headline\">Bianca<\/span><\/h4><\/div><\/header><div class=\"btClear btSeparator topSpaced bottomSemiSpaced noBorder\" ><hr><\/div><\/div><\/div><\/div><\/div><\/div><div class=\"slidedItem firstItem\"  data-thumb=\"\"><div class=\"btSliderPort wBackground cover\" style=\"background-image: url('')\"><div class=\"btSliderCell\" data-slick=\"yes\"><div class=\"btSlideGutter\"><div class=\"btSlidePane\"><div class=\"btClear btSeparator topSemiSpaced noBorder\" ><hr><\/div><header class=\"header btClear normal  regular\" ><div class=\"dash\"><h4><span class=\"headline\">&#8220;Maravilhoso! comida super caseira e bem saborosa. Experimentei a Lasanha ao Sugo e o Mignon \u00e0 Parmegiana e o Kibe Assado. Maravilhosos!&#8220;<\/span><\/h4><\/div><\/header><div class=\"btClear btSeparator topSmallSpaced noBorder\" ><hr><\/div><header class=\"header btClear small  regular btAccentBackgroundSuperheadline\" ><div class=\"dash\"><h4><span class=\"headline\">Fabiana<\/span><\/h4><\/div><\/header><div class=\"btClear btSeparator topSpaced bottomSemiSpaced noBorder\" ><hr><\/div><\/div><\/div><\/div><\/div><\/div><div class=\"slidedItem firstItem\"  data-thumb=\"\"><div class=\"btSliderPort wBackground cover\" style=\"background-image: url('')\"><div class=\"btSliderCell\" data-slick=\"yes\"><div class=\"btSlideGutter\"><div class=\"btSlidePane\"><div class=\"btClear btSeparator topSemiSpaced noBorder\" ><hr><\/div><header class=\"header btClear normal  regular\" ><div class=\"dash\"><h4><span class=\"headline\">&#8220;Sou apaixonada pela Lasanha 4 Queijos. O sabor de molho me lembra um restaurante que costumada ir quando crian\u00e7a.&#8220;<\/span><\/h4><\/div><\/header><div class=\"btClear btSeparator topSmallSpaced noBorder\" ><hr><\/div><header class=\"header btClear small  regular btAccentBackgroundSuperheadline\" ><div class=\"dash\"><h4><span class=\"headline\">Clarisse<\/span><\/h4><\/div><\/header><div class=\"btClear btSeparator topSpaced bottomSemiSpaced noBorder\" ><hr><\/div><\/div><\/div><\/div><\/div><\/div><div class=\"slidedItem firstItem\"  data-thumb=\"\"><div class=\"btSliderPort wBackground cover\" style=\"background-image: url('')\"><div class=\"btSliderCell\" data-slick=\"yes\"><div class=\"btSlideGutter\"><div class=\"btSlidePane\"><div class=\"btClear btSeparator topSemiSpaced noBorder\" ><hr><\/div><header class=\"header btClear normal  regular\" ><div class=\"dash\"><h4><span class=\"headline\">&#8220;E hoje tamb\u00e9m \u00e9 dia deste Quibe Assado que tem sabor de comida de v\u00f3 ou \u201cbib\u00e1\u201d.&#8220;<\/span><\/h4><\/div><\/header><div class=\"btClear btSeparator topSmallSpaced noBorder\" ><hr><\/div><header class=\"header btClear small  regular btAccentBackgroundSuperheadline\" ><div class=\"dash\"><h4><span class=\"headline\">Andr\u00e9<\/span><\/h4><\/div><\/header><div class=\"btClear btSeparator topSpaced bottomSemiSpaced noBorder\" ><hr><\/div><\/div><\/div><\/div><\/div><\/div><\/div><\/div><\/div><\/div><\/div><\/div><\/div><\/div><\/section><\/div>","protected":false},"excerpt":{"rendered":"","protected":false},"author":1,"featured_media":3952,"parent":0,"menu_order":0,"comment_status":"closed","ping_status":"closed","template":"","meta":[],"yoast_head":"<!-- This site is optimized with the Yoast SEO plugin v16.9 - https:\/\/yoast.com\/wordpress\/plugins\/seo\/ -->\n<title>Stoll Alimentos &bull; Stoll Alimentos<\/title>\n<meta name=\"robots\" content=\"index, follow, max-snippet:-1, max-image-preview:large, max-video-preview:-1\" \/>\n<link rel=\"canonical\" href=\"https:\/\/stollalimentos.com.br\/site\/stoll-alimentos\/\" \/>\n<meta property=\"og:locale\" content=\"pt_BR\" \/>\n<meta property=\"og:type\" content=\"article\" \/>\n<meta property=\"og:title\" content=\"Stoll Alimentos &bull; Stoll Alimentos\" \/>\n<meta property=\"og:url\" content=\"https:\/\/stollalimentos.com.br\/site\/stoll-alimentos\/\" \/>\n<meta property=\"og:site_name\" content=\"Stoll Alimentos\" \/>\n<meta property=\"article:publisher\" content=\"https:\/\/www.facebook.com\/StollAlimentos\/\" \/>\n<meta property=\"article:modified_time\" content=\"2021-09-02T13:52:20+00:00\" \/>\n<meta property=\"og:image\" content=\"https:\/\/stollalimentos.com.br\/site\/wp-content\/uploads\/2015\/09\/stoll-alimentos-quiche-alho-poro.jpg\" \/>\n\t<meta property=\"og:image:width\" content=\"1920\" \/>\n\t<meta property=\"og:image:height\" content=\"800\" \/>\n<meta name=\"twitter:card\" content=\"summary_large_image\" \/>\n<meta name=\"twitter:label1\" content=\"Est. tempo de leitura\" \/>\n\t<meta name=\"twitter:data1\" content=\"10 minutos\" \/>\n<script type=\"application\/ld+json\" class=\"yoast-schema-graph\">{\"@context\":\"https:\/\/schema.org\",\"@graph\":[{\"@type\":\"Organization\",\"@id\":\"https:\/\/stollalimentos.com.br\/site\/#organization\",\"name\":\"Stoll Alimentos\",\"url\":\"https:\/\/stollalimentos.com.br\/site\/\",\"sameAs\":[\"https:\/\/www.facebook.com\/StollAlimentos\/\",\"https:\/\/www.instagram.com\/stollalimentos\/\"],\"logo\":{\"@type\":\"ImageObject\",\"@id\":\"https:\/\/stollalimentos.com.br\/site\/#logo\",\"inLanguage\":\"pt-BR\",\"url\":\"https:\/\/stollalimentos.com.br\/site\/wp-content\/uploads\/2019\/06\/cropped-stoll-favicon.png\",\"contentUrl\":\"https:\/\/stollalimentos.com.br\/site\/wp-content\/uploads\/2019\/06\/cropped-stoll-favicon.png\",\"width\":512,\"height\":512,\"caption\":\"Stoll Alimentos\"},\"image\":{\"@id\":\"https:\/\/stollalimentos.com.br\/site\/#logo\"}},{\"@type\":\"WebSite\",\"@id\":\"https:\/\/stollalimentos.com.br\/site\/#website\",\"url\":\"https:\/\/stollalimentos.com.br\/site\/\",\"name\":\"Stoll Alimentos\",\"description\":\"Praticidade com Qualidade\",\"publisher\":{\"@id\":\"https:\/\/stollalimentos.com.br\/site\/#organization\"},\"potentialAction\":[{\"@type\":\"SearchAction\",\"target\":{\"@type\":\"EntryPoint\",\"urlTemplate\":\"https:\/\/stollalimentos.com.br\/site\/?s={search_term_string}\"},\"query-input\":\"required name=search_term_string\"}],\"inLanguage\":\"pt-BR\"},{\"@type\":\"ImageObject\",\"@id\":\"https:\/\/stollalimentos.com.br\/site\/stoll-alimentos\/#primaryimage\",\"inLanguage\":\"pt-BR\",\"url\":\"https:\/\/stollalimentos.com.br\/site\/wp-content\/uploads\/2015\/09\/stoll-alimentos-quiche-alho-poro.jpg\",\"contentUrl\":\"https:\/\/stollalimentos.com.br\/site\/wp-content\/uploads\/2015\/09\/stoll-alimentos-quiche-alho-poro.jpg\",\"width\":1920,\"height\":800},{\"@type\":\"WebPage\",\"@id\":\"https:\/\/stollalimentos.com.br\/site\/stoll-alimentos\/#webpage\",\"url\":\"https:\/\/stollalimentos.com.br\/site\/stoll-alimentos\/\",\"name\":\"Stoll Alimentos &bull; Stoll Alimentos\",\"isPartOf\":{\"@id\":\"https:\/\/stollalimentos.com.br\/site\/#website\"},\"primaryImageOfPage\":{\"@id\":\"https:\/\/stollalimentos.com.br\/site\/stoll-alimentos\/#primaryimage\"},\"datePublished\":\"2016-07-12T10:12:08+00:00\",\"dateModified\":\"2021-09-02T13:52:20+00:00\",\"breadcrumb\":{\"@id\":\"https:\/\/stollalimentos.com.br\/site\/stoll-alimentos\/#breadcrumb\"},\"inLanguage\":\"pt-BR\",\"potentialAction\":[{\"@type\":\"ReadAction\",\"target\":[\"https:\/\/stollalimentos.com.br\/site\/stoll-alimentos\/\"]}]},{\"@type\":\"BreadcrumbList\",\"@id\":\"https:\/\/stollalimentos.com.br\/site\/stoll-alimentos\/#breadcrumb\",\"itemListElement\":[{\"@type\":\"ListItem\",\"position\":1,\"name\":\"In\\u00edcio\",\"item\":\"https:\/\/stollalimentos.com.br\/site\/\"},{\"@type\":\"ListItem\",\"position\":2,\"name\":\"Stoll Alimentos\"}]}]}<\/script>\n<!-- \/ Yoast SEO plugin. -->","yoast_head_json":{"title":"Stoll Alimentos &bull; Stoll Alimentos","robots":{"index":"index","follow":"follow","max-snippet":"max-snippet:-1","max-image-preview":"max-image-preview:large","max-video-preview":"max-video-preview:-1"},"canonical":"https:\/\/stollalimentos.com.br\/site\/stoll-alimentos\/","og_locale":"pt_BR","og_type":"article","og_title":"Stoll Alimentos &bull; Stoll Alimentos","og_url":"https:\/\/stollalimentos.com.br\/site\/stoll-alimentos\/","og_site_name":"Stoll Alimentos","article_publisher":"https:\/\/www.facebook.com\/StollAlimentos\/","article_modified_time":"2021-09-02T13:52:20+00:00","og_image":[{"width":1920,"height":800,"url":"https:\/\/stollalimentos.com.br\/site\/wp-content\/uploads\/2015\/09\/stoll-alimentos-quiche-alho-poro.jpg","path":"\/home\/stollalimentos\/www\/site\/wp-content\/uploads\/2015\/09\/stoll-alimentos-quiche-alho-poro.jpg","size":"full","id":3952,"alt":"","pixels":1536000,"type":"image\/jpeg"}],"twitter_card":"summary_large_image","twitter_misc":{"Est. tempo de leitura":"10 minutos"},"schema":{"@context":"https:\/\/schema.org","@graph":[{"@type":"Organization","@id":"https:\/\/stollalimentos.com.br\/site\/#organization","name":"Stoll Alimentos","url":"https:\/\/stollalimentos.com.br\/site\/","sameAs":["https:\/\/www.facebook.com\/StollAlimentos\/","https:\/\/www.instagram.com\/stollalimentos\/"],"logo":{"@type":"ImageObject","@id":"https:\/\/stollalimentos.com.br\/site\/#logo","inLanguage":"pt-BR","url":"https:\/\/stollalimentos.com.br\/site\/wp-content\/uploads\/2019\/06\/cropped-stoll-favicon.png","contentUrl":"https:\/\/stollalimentos.com.br\/site\/wp-content\/uploads\/2019\/06\/cropped-stoll-favicon.png","width":512,"height":512,"caption":"Stoll Alimentos"},"image":{"@id":"https:\/\/stollalimentos.com.br\/site\/#logo"}},{"@type":"WebSite","@id":"https:\/\/stollalimentos.com.br\/site\/#website","url":"https:\/\/stollalimentos.com.br\/site\/","name":"Stoll Alimentos","description":"Praticidade com Qualidade","publisher":{"@id":"https:\/\/stollalimentos.com.br\/site\/#organization"},"potentialAction":[{"@type":"SearchAction","target":{"@type":"EntryPoint","urlTemplate":"https:\/\/stollalimentos.com.br\/site\/?s={search_term_string}"},"query-input":"required name=search_term_string"}],"inLanguage":"pt-BR"},{"@type":"ImageObject","@id":"https:\/\/stollalimentos.com.br\/site\/stoll-alimentos\/#primaryimage","inLanguage":"pt-BR","url":"https:\/\/stollalimentos.com.br\/site\/wp-content\/uploads\/2015\/09\/stoll-alimentos-quiche-alho-poro.jpg","contentUrl":"https:\/\/stollalimentos.com.br\/site\/wp-content\/uploads\/2015\/09\/stoll-alimentos-quiche-alho-poro.jpg","width":1920,"height":800},{"@type":"WebPage","@id":"https:\/\/stollalimentos.com.br\/site\/stoll-alimentos\/#webpage","url":"https:\/\/stollalimentos.com.br\/site\/stoll-alimentos\/","name":"Stoll Alimentos &bull; Stoll Alimentos","isPartOf":{"@id":"https:\/\/stollalimentos.com.br\/site\/#website"},"primaryImageOfPage":{"@id":"https:\/\/stollalimentos.com.br\/site\/stoll-alimentos\/#primaryimage"},"datePublished":"2016-07-12T10:12:08+00:00","dateModified":"2021-09-02T13:52:20+00:00","breadcrumb":{"@id":"https:\/\/stollalimentos.com.br\/site\/stoll-alimentos\/#breadcrumb"},"inLanguage":"pt-BR","potentialAction":[{"@type":"ReadAction","target":["https:\/\/stollalimentos.com.br\/site\/stoll-alimentos\/"]}]},{"@type":"BreadcrumbList","@id":"https:\/\/stollalimentos.com.br\/site\/stoll-alimentos\/#breadcrumb","itemListElement":[{"@type":"ListItem","position":1,"name":"In\u00edcio","item":"https:\/\/stollalimentos.com.br\/site\/"},{"@type":"ListItem","position":2,"name":"Stoll Alimentos"}]}]}},"_links":{"self":[{"href":"https:\/\/stollalimentos.com.br\/site\/wp-json\/wp\/v2\/pages\/15"}],"collection":[{"href":"https:\/\/stollalimentos.com.br\/site\/wp-json\/wp\/v2\/pages"}],"about":[{"href":"https:\/\/stollalimentos.com.br\/site\/wp-json\/wp\/v2\/types\/page"}],"author":[{"embeddable":true,"href":"https:\/\/stollalimentos.com.br\/site\/wp-json\/wp\/v2\/users\/1"}],"replies":[{"embeddable":true,"href":"https:\/\/stollalimentos.com.br\/site\/wp-json\/wp\/v2\/comments?post=15"}],"version-history":[{"count":46,"href":"https:\/\/stollalimentos.com.br\/site\/wp-json\/wp\/v2\/pages\/15\/revisions"}],"predecessor-version":[{"id":3994,"href":"https:\/\/stollalimentos.com.br\/site\/wp-json\/wp\/v2\/pages\/15\/revisions\/3994"}],"wp:featuredmedia":[{"embeddable":true,"href":"https:\/\/stollalimentos.com.br\/site\/wp-json\/wp\/v2\/media\/3952"}],"wp:attachment":[{"href":"https:\/\/stollalimentos.com.br\/site\/wp-json\/wp\/v2\/media?parent=15"}],"curies":[{"name":"wp","href":"https:\/\/api.w.org\/{rel}","templated":true}]}}