{"id":2355,"date":"2017-01-17T10:16:51","date_gmt":"2017-01-17T12:16:51","guid":{"rendered":"http:\/\/food-haus.omnicom-dev.com\/main-demo\/?page_id=2355"},"modified":"2021-08-16T11:52:27","modified_gmt":"2021-08-16T14:52:27","slug":"home","status":"publish","type":"page","link":"https:\/\/stollalimentos.com.br\/site\/","title":{"rendered":"Home"},"content":{"rendered":"<div class=\"bt_bb_wrapper\"><section id=\"bt_section6a09b7dcac0bc\" data-parallax=\"0.7\" data-parallax-offset=\"0\" class=\"boldSection topExtraSpaced bottomSpaced btDarkSkin gutter boxed inherit btParallax wBackground cover\" style=\"background-color:#ffffff  !important;background-image:url('https:\/\/stollalimentos.com.br\/site\/wp-content\/uploads\/2021\/08\/header-produtos-06.jpg');\"><div class=\"port\"><div class=\"boldCell\"><div class=\"boldCellInner\"><div class=\"boldRow \" ><div class=\"boldRowInner\"><div class=\"rowItem col-md-12 col-ms-12  btTextLeft inherit\"  data-width=\"12\"><div class=\"rowItemContent\" ><div class=\"btClear btSeparator topSemiSpaced noBorder\" ><hr><\/div><header class=\"header btClear huge  bold btAccentBackgroundSuperheadline\" ><div class=\"btSuperTitle\"><span>PRATICIDADE COM QUALIDADE<\/span><\/div><div class=\"dash\"><h1><span class=\"headline\">Comida congelada\r<br>com tempero caseiro<\/span><\/h1><\/div><\/header><div class=\"btClear btSeparator topSmallSpaced noBorder\" ><hr><\/div><a href=\"https:\/\/stollalimentos.com.br\/site\/produtos\/\" class=\"btBtn btBtn btnFilledStyle btnAccentColor btnMedium btnNormalWidth btnRightPosition btnNoIcon\" ><span class=\"btnInnerText\">SAIBA MAIS<\/span><\/a><div class=\"btClear btSeparator topSmallSpaced noBorder\" ><hr><\/div><\/div><\/div><\/div><\/div><\/div><\/div><\/div><\/section><section id=\"bt_section6a09b7dcacbe2\"  class=\"boldSection topSmallSpaced bottomExtraSmallSpaced btLightSkin gutter boxed inherit\" style=\"background-color:#ffffff  !important;\"><div class=\"port\"><div class=\"boldCell\"><div class=\"boldCellInner\"><div class=\"boldRow \" ><div class=\"boldRowInner\"><div class=\"rowItem col-md-3 col-sm-6 col-ms-12 btTextLeft\"  data-width=\"3\"><div class=\"rowItemContent\" ><div class=\"bpgPhoto btDefaultHoverType\" ><div class=\"btImage\"><img src=\"https:\/\/stollalimentos.com.br\/site\/wp-content\/uploads\/2019\/06\/stoll-10anos.png\" alt=\"\" title=\"\"><\/div><\/div><div class=\"btClear btSeparator topSmallSpaced bottomSemiSpaced noBorder\" ><hr><\/div><\/div><\/div><div class=\"rowItem col-md-9 col-ms-12  btTextLeft\"  data-width=\"9\"><div class=\"rowItemContent\" ><div class=\"btClear btSeparator topSmallSpaced bottomSmallSpaced noBorder\" ><hr><\/div><div class=\"btClear btSeparator topSmallSpaced bottomSmallSpaced noBorder\" ><hr><\/div><header class=\"header btClear small  bold\" ><div class=\"dash\"><h4><span class=\"headline\">10 ANOS STOLL ALIMENTOS<\/span><\/h4><\/div><div class=\"btSubTitle\">A Stoll Alimentos surgiu com o objetivo de levar para a mesa das pessoas uma alimenta\u00e7\u00e3o pr\u00e1tica e saud\u00e1vel. Com uma linha de produtos em constante expans\u00e3o, somados a ingredientes frescos e selecionados, oferecemos um alto padr\u00e3o de qualidade. Criamos v\u00ednculo duradouro com os clientes, oportunizando uma alimenta\u00e7\u00e3o pr\u00e1tica e de qualidade para seu dia a dia.<\/div><\/header><div class=\"btClear btSeparator topSmallSpaced bottomSmallSpaced noBorder\" ><hr><\/div><\/div><\/div><\/div><\/div><\/div><\/div><\/div><\/section><section id=\"bt_section6a09b7dcad683\"  class=\"boldSection topSemiSpaced btDarkSkin btAccentColorBackground gutter boxed inherit\" ><div class=\"port\"><div class=\"boldCell\"><div class=\"boldCellInner\"><div class=\"boldRow \" ><div class=\"boldRowInner\"><div class=\"rowItem col-md-3 col-sm-6 col-ms-12 btTextCenter inherit\"  data-width=\"3\"><div class=\"rowItemContent\" ><div class=\"btClear btSeparator topSmallSpaced bottomSmallSpaced noBorder\" ><hr><\/div><header class=\"header btClear medium  bold btAccentBackgroundSuperheadline\" ><div class=\"dash\"><h3><span class=\"headline\">+1,5 MI<\/span><\/h3><\/div><div class=\"btSubTitle\">DE PRODUTOS VENDIDOS<\/div><\/header><div class=\"btClear btSeparator topSmallSpaced bottomSmallSpaced noBorder\" ><hr><\/div><\/div><\/div><div class=\"rowItem col-md-3 col-sm-6 col-ms-12 btTextCenter inherit\"  data-width=\"3\"><div class=\"rowItemContent\" ><div class=\"btClear btSeparator topSmallSpaced bottomSmallSpaced noBorder\" ><hr><\/div><header class=\"header btClear medium  bold btAccentBackgroundSuperheadline\" ><div class=\"dash\"><h3><span class=\"headline\">+20<\/span><\/h3><\/div><div class=\"btSubTitle\">PONTOS DE VENDAS<\/div><\/header><div class=\"btClear btSeparator topSmallSpaced bottomSmallSpaced noBorder\" ><hr><\/div><\/div><\/div><div class=\"rowItem col-md-3 col-sm-6 col-ms-12 btTextCenter inherit\"  data-width=\"3\"><div class=\"rowItemContent\" ><div class=\"btClear btSeparator topSmallSpaced bottomSmallSpaced noBorder\" ><hr><\/div><header class=\"header btClear medium  bold btAccentBackgroundSuperheadline\" ><div class=\"dash\"><h3><span class=\"headline\">10<\/span><\/h3><\/div><div class=\"btSubTitle\">ANOS DE HIST\u00d3RIA<\/div><\/header><div class=\"btClear btSeparator topSmallSpaced bottomSmallSpaced noBorder\" ><hr><\/div><\/div><\/div><div class=\"rowItem col-md-3 col-sm-6 col-ms-12 btTextCenter inherit\"  data-width=\"3\"><div class=\"rowItemContent\" ><div class=\"btClear btSeparator topSmallSpaced bottomSmallSpaced noBorder\" ><hr><\/div><header class=\"header btClear medium  bold btAccentBackgroundSuperheadline\" ><div class=\"dash\"><h3><span class=\"headline\">15<\/span><\/h3><\/div><div class=\"btSubTitle\">COLABORADORES<\/div><\/header><div class=\"btClear btSeparator topSmallSpaced bottomSmallSpaced noBorder\" ><hr><\/div><\/div><\/div><\/div><\/div><\/div><\/div><\/div><\/section><section id=\"bt_section6a09b7dcae22c\"  class=\"boldSection btDarkSkin btAccentColorBackground inherit wBackground cover\" style=\"background-image:url('https:\/\/stollalimentos.com.br\/site\/wp-content\/uploads\/2019\/10\/base-conceito-stoll-full-02-2.png');\"><div class=\"port\"><div class=\"boldCell\"><div class=\"boldCellInner\"><div class=\"boldRow \" ><div class=\"boldRowInner\"><div class=\"rowItem col-md-12 col-ms-12  btTextCenter inherit\"  data-width=\"12\"><div class=\"rowItemContent\" ><div class=\"bpgPhoto btDefaultHoverType\" ><div class=\"btImage\"><img src=\"https:\/\/stollalimentos.com.br\/site\/wp-content\/uploads\/2019\/10\/base-conceito-stoll-1.png\" alt=\"\" title=\"\"><\/div><\/div><\/div><\/div><\/div><\/div><\/div><\/div><\/div><\/section><section id=\"bt_section6a09b7dcae9bb\"  class=\"boldSection btFrame topSpaced bottomSemiSpaced gutter boxed inherit\" ><div class=\"port\"><div class=\"boldCell\"><div class=\"boldCellInner\"><div class=\"boldRow \" ><div class=\"boldRowInner\"><div class=\"rowItem col-md-12 col-ms-12  btTextCenter animate animate-fadein inherit\"  data-width=\"12\"><div class=\"rowItemContent\" ><header class=\"header btClear extralarge  bold btAccentBackgroundSuperheadline\" ><div class=\"btSuperTitle\"><span>PRATICIDADE COM QUALIDADE<\/span><\/div><div class=\"dash\"><h1><span class=\"headline\">Nossos produtos<\/span><\/h1><\/div><div class=\"btSubTitle\">A qualidade e sabor Stoll Alimentos na sua casa<\/div><\/header><div class=\"btClear btSeparator topSemiSpaced noBorder\" ><hr><\/div><\/div><\/div><\/div><\/div><div class=\"boldRow  btDoubleRowSpacing\" ><div class=\"boldRowInner\"><div class=\"rowItem col-md-4 col-ms-12 btTextCenter animate animate-fadein inherit\"  data-width=\"4\"><div class=\"rowItemContent\" ><div class=\"bpgPhoto btDefaultHoverType\" > \r\n\t\t\t\t\t<a href=\"http:\/\/stollalimentos.com.br\/site\/portfolio\/kibe-assado\/\" target=\"_self\" title=\"\"><\/a>\r\n\t\t\t\t\t<div class=\"boldPhotoBox\"><div class=\"bpbItem\"><div class=\"btImage\"><img src=\"https:\/\/stollalimentos.com.br\/site\/wp-content\/uploads\/2016\/10\/stoll-kibe_assado-cx-320x274.jpg\" alt=\"\" title=\"\"><\/div><\/div><\/div>\r\n\t\t\t\t\t<div class=\"captionPane btDarkSkin btTextCenter\">\r\n\t\t\t\t\t\t<div class=\"captionTable\">\r\n\t\t\t\t\t\t\t<div class=\"captionCell\">\r\n\t\t\t\t\t\t\t\t<div class=\"captionTxt\"><\/div>\r\n\t\t\t\t\t\t\t<\/div>\r\n\t\t\t\t\t\t<\/div>\r\n\t\t\t\t\t<\/div><\/div><div class=\"btClear btSeparator topSmallSpaced bottomSmallSpaced noBorder\" ><hr><\/div><header class=\"header btClear normal  bold btAccentBackgroundSuperheadline\" ><div class=\"dash\"><h4><span class=\"headline\">Kibe Assado<\/span><\/h4><\/div><div class=\"btSubTitle\">Preparado com carne mo\u00edda especial, trigo para kibe com especiarias da culin\u00e1ria libanesa.<\/div><\/header><div class=\"btClear btSeparator topSemiSpaced noBorder\" ><hr><\/div><\/div><\/div><div class=\"rowItem col-md-4 col-ms-12 btTextCenter animate animate-fadein inherit\"  data-width=\"4\"><div class=\"rowItemContent\" ><div class=\"bpgPhoto btDefaultHoverType\" > \r\n\t\t\t\t\t<a href=\"http:\/\/stollalimentos.com.br\/site\/portfolio\/feijoada\/\" target=\"_self\" title=\"\"><\/a>\r\n\t\t\t\t\t<div class=\"boldPhotoBox\"><div class=\"bpbItem\"><div class=\"btImage\"><img src=\"https:\/\/stollalimentos.com.br\/site\/wp-content\/uploads\/2016\/10\/stoll-feijoada-cx-320x274.jpg\" alt=\"\" title=\"\"><\/div><\/div><\/div>\r\n\t\t\t\t\t<div class=\"captionPane btDarkSkin btTextCenter\">\r\n\t\t\t\t\t\t<div class=\"captionTable\">\r\n\t\t\t\t\t\t\t<div class=\"captionCell\">\r\n\t\t\t\t\t\t\t\t<div class=\"captionTxt\"><\/div>\r\n\t\t\t\t\t\t\t<\/div>\r\n\t\t\t\t\t\t<\/div>\r\n\t\t\t\t\t<\/div><\/div><div class=\"btClear btSeparator topSmallSpaced bottomSmallSpaced noBorder\" ><hr><\/div><header class=\"header btClear normal  bold btAccentBackgroundSuperheadline\" ><div class=\"dash\"><h4><span class=\"headline\">Feijoada<\/span><\/h4><\/div><div class=\"btSubTitle\">Prato tipicamente brasileiro feito com lingui\u00e7a calabresa, paio, charque, costelinha defumada e feij\u00e3o.<\/div><\/header><div class=\"btClear btSeparator topSemiSpaced noBorder\" ><hr><\/div><\/div><\/div><div class=\"rowItem col-md-4 col-ms-12 btTextCenter animate animate-fadein inherit\"  data-width=\"4\"><div class=\"rowItemContent\" ><div class=\"bpgPhoto btDefaultHoverType\" > \r\n\t\t\t\t\t<a href=\"http:\/\/stollalimentos.com.br\/site\/portfolio\/file-mignon-a-parmegiana\/\" target=\"_self\" title=\"\"><\/a>\r\n\t\t\t\t\t<div class=\"boldPhotoBox\"><div class=\"bpbItem\"><div class=\"btImage\"><img src=\"https:\/\/stollalimentos.com.br\/site\/wp-content\/uploads\/2015\/09\/stoll-mignon_parmegiana-cx-320x274.jpg\" alt=\"\" title=\"\"><\/div><\/div><\/div>\r\n\t\t\t\t\t<div class=\"captionPane btDarkSkin btTextCenter\">\r\n\t\t\t\t\t\t<div class=\"captionTable\">\r\n\t\t\t\t\t\t\t<div class=\"captionCell\">\r\n\t\t\t\t\t\t\t\t<div class=\"captionTxt\"><\/div>\r\n\t\t\t\t\t\t\t<\/div>\r\n\t\t\t\t\t\t<\/div>\r\n\t\t\t\t\t<\/div><\/div><div class=\"btClear btSeparator topSmallSpaced bottomSmallSpaced noBorder\" ><hr><\/div><header class=\"header btClear normal  bold btAccentBackgroundSuperheadline\" ><div class=\"dash\"><h4><span class=\"headline\">Fil\u00e9 Mignon\r<br>\u00e0 Parmegiana<\/span><\/h4><\/div><div class=\"btSubTitle\">Escalopes de mignon empanados e cuidadosamente assados, com molho artesanal de tomate e cobertos com queijo mussarela e parmes\u00e3o argentino.<\/div><\/header><div class=\"btClear btSeparator topSemiSpaced noBorder\" ><hr><\/div><\/div><\/div><\/div><\/div><div class=\"boldRow  btDoubleRowSpacing\" ><div class=\"boldRowInner\"><div class=\"rowItem col-md-4 col-ms-12 btTextCenter animate animate-fadein inherit\"  data-width=\"4\"><div class=\"rowItemContent\" ><div class=\"bpgPhoto btDefaultHoverType\" > \r\n\t\t\t\t\t<a href=\"http:\/\/stollalimentos.com.br\/site\/portfolio\/lasanha-a-bolonhesa\/\" target=\"_self\" title=\"\"><\/a>\r\n\t\t\t\t\t<div class=\"boldPhotoBox\"><div class=\"bpbItem\"><div class=\"btImage\"><img src=\"https:\/\/stollalimentos.com.br\/site\/wp-content\/uploads\/2015\/09\/stoll-lasanha-bolonhesa-cx-320x274.jpg\" alt=\"\" title=\"\"><\/div><\/div><\/div>\r\n\t\t\t\t\t<div class=\"captionPane btDarkSkin btTextCenter\">\r\n\t\t\t\t\t\t<div class=\"captionTable\">\r\n\t\t\t\t\t\t\t<div class=\"captionCell\">\r\n\t\t\t\t\t\t\t\t<div class=\"captionTxt\"><\/div>\r\n\t\t\t\t\t\t\t<\/div>\r\n\t\t\t\t\t\t<\/div>\r\n\t\t\t\t\t<\/div><\/div><div class=\"btClear btSeparator topSmallSpaced bottomSmallSpaced noBorder\" ><hr><\/div><header class=\"header btClear normal  bold btAccentBackgroundSuperheadline\" ><div class=\"dash\"><h4><span class=\"headline\">Lasanha \u00e0 Bolonhesa<\/span><\/h4><\/div><div class=\"btSubTitle\">Apetitosa lasanha produzida com carne mo\u00edda e fatias de presunto coberto com queijo mussarela e parmes\u00e3o argentino.<\/div><\/header><div class=\"btClear btSeparator topSemiSpaced noBorder\" ><hr><\/div><\/div><\/div><div class=\"rowItem col-md-4 col-ms-12 btTextCenter animate animate-fadein inherit\"  data-width=\"4\"><div class=\"rowItemContent\" ><div class=\"bpgPhoto btDefaultHoverType\" > \r\n\t\t\t\t\t<a href=\"http:\/\/stollalimentos.com.br\/site\/portfolio\/lasanha-quatro-queijos\/\" target=\"_self\" title=\"\"><\/a>\r\n\t\t\t\t\t<div class=\"boldPhotoBox\"><div class=\"bpbItem\"><div class=\"btImage\"><img src=\"https:\/\/stollalimentos.com.br\/site\/wp-content\/uploads\/2015\/09\/stoll-lasanha-quatro-queijos-cx-320x274.jpg\" alt=\"\" title=\"\"><\/div><\/div><\/div>\r\n\t\t\t\t\t<div class=\"captionPane btDarkSkin btTextCenter\">\r\n\t\t\t\t\t\t<div class=\"captionTable\">\r\n\t\t\t\t\t\t\t<div class=\"captionCell\">\r\n\t\t\t\t\t\t\t\t<div class=\"captionTxt\"><\/div>\r\n\t\t\t\t\t\t\t<\/div>\r\n\t\t\t\t\t\t<\/div>\r\n\t\t\t\t\t<\/div><\/div><div class=\"btClear btSeparator topSmallSpaced bottomSmallSpaced noBorder\" ><hr><\/div><header class=\"header btClear normal  bold btAccentBackgroundSuperheadline\" ><div class=\"dash\"><h4><span class=\"headline\">Lasanha Quatro Queijos<\/span><\/h4><\/div><div class=\"btSubTitle\">Cremoso molho aos quatro queijos e massa artesanal coberto com queijo mussarela e parmes\u00e3o argentino.<\/div><\/header><div class=\"btClear btSeparator topSemiSpaced noBorder\" ><hr><\/div><\/div><\/div><div class=\"rowItem col-md-4 col-ms-12 btTextCenter animate animate-fadein inherit\"  data-width=\"4\"><div class=\"rowItemContent\" ><div class=\"bpgPhoto btDefaultHoverType\" > \r\n\t\t\t\t\t<a href=\"http:\/\/stollalimentos.com.br\/site\/portfolio\/lasanha-de-espinafre-com-ricota\/\" target=\"_self\" title=\"\"><\/a>\r\n\t\t\t\t\t<div class=\"boldPhotoBox\"><div class=\"bpbItem\"><div class=\"btImage\"><img src=\"https:\/\/stollalimentos.com.br\/site\/wp-content\/uploads\/2015\/09\/stoll-lasanha-espinafre-ricota-cx-320x274.jpg\" alt=\"\" title=\"\"><\/div><\/div><\/div>\r\n\t\t\t\t\t<div class=\"captionPane btDarkSkin btTextCenter\">\r\n\t\t\t\t\t\t<div class=\"captionTable\">\r\n\t\t\t\t\t\t\t<div class=\"captionCell\">\r\n\t\t\t\t\t\t\t\t<div class=\"captionTxt\"><\/div>\r\n\t\t\t\t\t\t\t<\/div>\r\n\t\t\t\t\t\t<\/div>\r\n\t\t\t\t\t<\/div><\/div><div class=\"btClear btSeparator topSmallSpaced bottomSmallSpaced noBorder\" ><hr><\/div><header class=\"header btClear normal  bold btAccentBackgroundSuperheadline\" ><div class=\"dash\"><h4><span class=\"headline\">Lasanha de Espinafre com Ricota<\/span><\/h4><\/div><div class=\"btSubTitle\">Deliciosa massa verde feita com espinafres selecionados, molho bechamel e ricota, coberta com queijo mussarela, sem a utiliza\u00e7\u00e3o de corantes e conservantes.<\/div><\/header><div class=\"btClear btSeparator topSemiSpaced noBorder\" ><hr><\/div><\/div><\/div><\/div><\/div><div class=\"boldRow \" ><div class=\"boldRowInner\"><div class=\"rowItem col-md-12 col-ms-12  btTextCenter animate animate-fadein inherit\"  data-width=\"12\"><div class=\"rowItemContent\" ><div class=\"btClear btSeparator topSmallSpaced bottomSmallSpaced noBorder\" ><hr><\/div><a href=\"http:\/\/stollalimentos.com.br\/site\/produtos\/\" class=\"btBtn btBtn btnOutlineStyle btnAccentColor btnMedium btnNormalWidth btnRightPosition btnNoIcon\" ><span class=\"btnInnerText\">VEJA NOSSA LINHA DE PRODUTOS COMPLETA<\/span><\/a><\/div><\/div><\/div><\/div><\/div><\/div><\/div><\/section><\/div>","protected":false},"excerpt":{"rendered":"","protected":false},"author":1,"featured_media":0,"parent":0,"menu_order":0,"comment_status":"closed","ping_status":"closed","template":"","meta":[],"yoast_head":"<!-- This site is optimized with the Yoast SEO plugin v16.9 - https:\/\/yoast.com\/wordpress\/plugins\/seo\/ -->\n<title>Home &bull; Stoll Alimentos<\/title>\n<meta name=\"robots\" content=\"index, follow, max-snippet:-1, max-image-preview:large, max-video-preview:-1\" \/>\n<link rel=\"canonical\" href=\"https:\/\/stollalimentos.com.br\/site\/\" \/>\n<meta property=\"og:locale\" content=\"pt_BR\" \/>\n<meta property=\"og:type\" content=\"article\" \/>\n<meta property=\"og:title\" content=\"Home &bull; Stoll Alimentos\" \/>\n<meta property=\"og:url\" content=\"https:\/\/stollalimentos.com.br\/site\/\" \/>\n<meta property=\"og:site_name\" content=\"Stoll Alimentos\" \/>\n<meta property=\"article:publisher\" content=\"https:\/\/www.facebook.com\/StollAlimentos\/\" \/>\n<meta property=\"article:modified_time\" content=\"2021-08-16T14:52:27+00:00\" \/>\n<meta name=\"twitter:card\" content=\"summary_large_image\" \/>\n<meta name=\"twitter:label1\" content=\"Est. tempo de leitura\" \/>\n\t<meta name=\"twitter:data1\" content=\"11 minutos\" \/>\n<script type=\"application\/ld+json\" class=\"yoast-schema-graph\">{\"@context\":\"https:\/\/schema.org\",\"@graph\":[{\"@type\":\"Organization\",\"@id\":\"https:\/\/stollalimentos.com.br\/site\/#organization\",\"name\":\"Stoll Alimentos\",\"url\":\"https:\/\/stollalimentos.com.br\/site\/\",\"sameAs\":[\"https:\/\/www.facebook.com\/StollAlimentos\/\",\"https:\/\/www.instagram.com\/stollalimentos\/\"],\"logo\":{\"@type\":\"ImageObject\",\"@id\":\"https:\/\/stollalimentos.com.br\/site\/#logo\",\"inLanguage\":\"pt-BR\",\"url\":\"https:\/\/stollalimentos.com.br\/site\/wp-content\/uploads\/2019\/06\/cropped-stoll-favicon.png\",\"contentUrl\":\"https:\/\/stollalimentos.com.br\/site\/wp-content\/uploads\/2019\/06\/cropped-stoll-favicon.png\",\"width\":512,\"height\":512,\"caption\":\"Stoll Alimentos\"},\"image\":{\"@id\":\"https:\/\/stollalimentos.com.br\/site\/#logo\"}},{\"@type\":\"WebSite\",\"@id\":\"https:\/\/stollalimentos.com.br\/site\/#website\",\"url\":\"https:\/\/stollalimentos.com.br\/site\/\",\"name\":\"Stoll Alimentos\",\"description\":\"Praticidade com Qualidade\",\"publisher\":{\"@id\":\"https:\/\/stollalimentos.com.br\/site\/#organization\"},\"potentialAction\":[{\"@type\":\"SearchAction\",\"target\":{\"@type\":\"EntryPoint\",\"urlTemplate\":\"https:\/\/stollalimentos.com.br\/site\/?s={search_term_string}\"},\"query-input\":\"required name=search_term_string\"}],\"inLanguage\":\"pt-BR\"},{\"@type\":\"WebPage\",\"@id\":\"https:\/\/stollalimentos.com.br\/site\/#webpage\",\"url\":\"https:\/\/stollalimentos.com.br\/site\/\",\"name\":\"Home &bull; Stoll Alimentos\",\"isPartOf\":{\"@id\":\"https:\/\/stollalimentos.com.br\/site\/#website\"},\"datePublished\":\"2017-01-17T12:16:51+00:00\",\"dateModified\":\"2021-08-16T14:52:27+00:00\",\"breadcrumb\":{\"@id\":\"https:\/\/stollalimentos.com.br\/site\/#breadcrumb\"},\"inLanguage\":\"pt-BR\",\"potentialAction\":[{\"@type\":\"ReadAction\",\"target\":[\"https:\/\/stollalimentos.com.br\/site\/\"]}]},{\"@type\":\"BreadcrumbList\",\"@id\":\"https:\/\/stollalimentos.com.br\/site\/#breadcrumb\",\"itemListElement\":[{\"@type\":\"ListItem\",\"position\":1,\"name\":\"In\\u00edcio\",\"item\":\"https:\/\/stollalimentos.com.br\/site\/\"},{\"@type\":\"ListItem\",\"position\":2,\"name\":\"Home\"}]}]}<\/script>\n<!-- \/ Yoast SEO plugin. -->","yoast_head_json":{"title":"Home &bull; Stoll Alimentos","robots":{"index":"index","follow":"follow","max-snippet":"max-snippet:-1","max-image-preview":"max-image-preview:large","max-video-preview":"max-video-preview:-1"},"canonical":"https:\/\/stollalimentos.com.br\/site\/","og_locale":"pt_BR","og_type":"article","og_title":"Home &bull; Stoll Alimentos","og_url":"https:\/\/stollalimentos.com.br\/site\/","og_site_name":"Stoll Alimentos","article_publisher":"https:\/\/www.facebook.com\/StollAlimentos\/","article_modified_time":"2021-08-16T14:52:27+00:00","twitter_card":"summary_large_image","twitter_misc":{"Est. tempo de leitura":"11 minutos"},"schema":{"@context":"https:\/\/schema.org","@graph":[{"@type":"Organization","@id":"https:\/\/stollalimentos.com.br\/site\/#organization","name":"Stoll Alimentos","url":"https:\/\/stollalimentos.com.br\/site\/","sameAs":["https:\/\/www.facebook.com\/StollAlimentos\/","https:\/\/www.instagram.com\/stollalimentos\/"],"logo":{"@type":"ImageObject","@id":"https:\/\/stollalimentos.com.br\/site\/#logo","inLanguage":"pt-BR","url":"https:\/\/stollalimentos.com.br\/site\/wp-content\/uploads\/2019\/06\/cropped-stoll-favicon.png","contentUrl":"https:\/\/stollalimentos.com.br\/site\/wp-content\/uploads\/2019\/06\/cropped-stoll-favicon.png","width":512,"height":512,"caption":"Stoll Alimentos"},"image":{"@id":"https:\/\/stollalimentos.com.br\/site\/#logo"}},{"@type":"WebSite","@id":"https:\/\/stollalimentos.com.br\/site\/#website","url":"https:\/\/stollalimentos.com.br\/site\/","name":"Stoll Alimentos","description":"Praticidade com Qualidade","publisher":{"@id":"https:\/\/stollalimentos.com.br\/site\/#organization"},"potentialAction":[{"@type":"SearchAction","target":{"@type":"EntryPoint","urlTemplate":"https:\/\/stollalimentos.com.br\/site\/?s={search_term_string}"},"query-input":"required name=search_term_string"}],"inLanguage":"pt-BR"},{"@type":"WebPage","@id":"https:\/\/stollalimentos.com.br\/site\/#webpage","url":"https:\/\/stollalimentos.com.br\/site\/","name":"Home &bull; Stoll Alimentos","isPartOf":{"@id":"https:\/\/stollalimentos.com.br\/site\/#website"},"datePublished":"2017-01-17T12:16:51+00:00","dateModified":"2021-08-16T14:52:27+00:00","breadcrumb":{"@id":"https:\/\/stollalimentos.com.br\/site\/#breadcrumb"},"inLanguage":"pt-BR","potentialAction":[{"@type":"ReadAction","target":["https:\/\/stollalimentos.com.br\/site\/"]}]},{"@type":"BreadcrumbList","@id":"https:\/\/stollalimentos.com.br\/site\/#breadcrumb","itemListElement":[{"@type":"ListItem","position":1,"name":"In\u00edcio","item":"https:\/\/stollalimentos.com.br\/site\/"},{"@type":"ListItem","position":2,"name":"Home"}]}]}},"_links":{"self":[{"href":"https:\/\/stollalimentos.com.br\/site\/wp-json\/wp\/v2\/pages\/2355"}],"collection":[{"href":"https:\/\/stollalimentos.com.br\/site\/wp-json\/wp\/v2\/pages"}],"about":[{"href":"https:\/\/stollalimentos.com.br\/site\/wp-json\/wp\/v2\/types\/page"}],"author":[{"embeddable":true,"href":"https:\/\/stollalimentos.com.br\/site\/wp-json\/wp\/v2\/users\/1"}],"replies":[{"embeddable":true,"href":"https:\/\/stollalimentos.com.br\/site\/wp-json\/wp\/v2\/comments?post=2355"}],"version-history":[{"count":47,"href":"https:\/\/stollalimentos.com.br\/site\/wp-json\/wp\/v2\/pages\/2355\/revisions"}],"predecessor-version":[{"id":3928,"href":"https:\/\/stollalimentos.com.br\/site\/wp-json\/wp\/v2\/pages\/2355\/revisions\/3928"}],"wp:attachment":[{"href":"https:\/\/stollalimentos.com.br\/site\/wp-json\/wp\/v2\/media?parent=2355"}],"curies":[{"name":"wp","href":"https:\/\/api.w.org\/{rel}","templated":true}]}}